{"id":3391,"date":"2020-05-10T22:54:34","date_gmt":"2020-05-11T02:54:34","guid":{"rendered":"https:\/\/www.evenementbl.com\/dev\/?post_type=product&#038;p=3391"},"modified":"2020-06-03T00:00:18","modified_gmt":"2020-06-03T04:00:18","slug":"generateur-de-rapports","status":"publish","type":"product","link":"https:\/\/www.evenementbl.com\/dev\/produit\/generateur-de-rapports\/","title":{"rendered":"G\u00e9n\u00e9rateur de rapports"},"content":{"rendered":"<p>Une <strong>formation th\u00e9orique<\/strong> <strong>\u00e0 distance <\/strong>de <strong>3 heures<\/strong> qui porte sur la <strong>conception de rapports dans le g\u00e9n\u00e9rateur de rapports<\/strong> des solutions COBA est maintenant disponible.<\/p>\n<p>Durant cette formation interactive\u00a0(maximum de 6 participants par formation), anim\u00e9e par nos experts en logiciel, les participants pourront \u00e9galement \u00e9changer avec le formateur qui r\u00e9pondra avec plaisir \u00e0 l&#8217;ensemble des questions.<\/p>\n","protected":false},"excerpt":{"rendered":"<p>Une <strong>formation th\u00e9orique<\/strong> <strong>\u00e0 distance <\/strong>de <strong>3 heures<\/strong> qui porte sur la <strong>conception de rapports dans le g\u00e9n\u00e9rateur de rapports<\/strong> des solutions COBA est maintenant disponible. Cette fonctionnalit\u00e9 int\u00e9gr\u00e9e et tr\u00e8s flexible permet de g\u00e9n\u00e9rer des rapports simples ou complexes, des lettres, des \u00e9tiquettes, des statistiques et des listes de donn\u00e9es.<\/p>\n<p><strong>Objectifs: <\/strong><\/p>\n<ul>\n<li>Apprendre comment utiliser les fonctionnalit\u00e9s du g\u00e9n\u00e9rateur de rapports<\/li>\n<li>Optimiser la cr\u00e9ation de rapports simples ou complexes<\/li>\n<li>Comprendre le potentiel et la flexibilit\u00e9 du g\u00e9n\u00e9rateur de rapports<\/li>\n<\/ul>\n<p>&nbsp;<\/p>\n<p>Durant cette formation interactive\u00a0(maximum de 6 participants par formation), anim\u00e9e par nos experts en logiciel, les participants pourront \u00e9galement \u00e9changer avec le formateur qui r\u00e9pondra avec plaisir \u00e0 l&#8217;ensemble des questions.<\/p>\n","protected":false},"author":2,"featured_media":3338,"comment_status":"closed","ping_status":"closed","template":"","meta":[],"yoast_head":"<!-- This site is optimized with the Yoast SEO plugin v20.6 - https:\/\/yoast.com\/wordpress\/plugins\/seo\/ -->\n<title>G\u00e9n\u00e9rateur de rapports - &Eacute;v&eacute;nements Berger-Levrault<\/title>\n<meta name=\"robots\" content=\"index, follow, max-snippet:-1, max-image-preview:large, max-video-preview:-1\" \/>\n<link rel=\"canonical\" href=\"https:\/\/www.evenementbl.com\/dev\/produit\/generateur-de-rapports\/\" \/>\n<meta property=\"og:locale\" content=\"fr_FR\" \/>\n<meta property=\"og:type\" content=\"article\" \/>\n<meta property=\"og:title\" content=\"G\u00e9n\u00e9rateur de rapports - &Eacute;v&eacute;nements Berger-Levrault\" \/>\n<meta property=\"og:description\" content=\"Une formation th\u00e9orique \u00e0 distance de 3 heures qui porte sur la conception de rapports dans le g\u00e9n\u00e9rateur de rapports des solutions COBA est maintenant disponible. Cette fonctionnalit\u00e9 int\u00e9gr\u00e9e et tr\u00e8s flexible permet de g\u00e9n\u00e9rer des rapports simples ou complexes, des lettres, des \u00e9tiquettes, des statistiques et des listes de donn\u00e9es.  Objectifs:    Apprendre comment utiliser les fonctionnalit\u00e9s du g\u00e9n\u00e9rateur de rapports  Optimiser la cr\u00e9ation de rapports simples ou complexes  Comprendre le potentiel et la flexibilit\u00e9 du g\u00e9n\u00e9rateur de rapports  &nbsp;  Durant cette formation interactive\u00a0(maximum de 6 participants par formation), anim\u00e9e par nos experts en logiciel, les participants pourront \u00e9galement \u00e9changer avec le formateur qui r\u00e9pondra avec plaisir \u00e0 l&#039;ensemble des questions.\" \/>\n<meta property=\"og:url\" content=\"https:\/\/www.evenementbl.com\/dev\/produit\/generateur-de-rapports\/\" \/>\n<meta property=\"og:site_name\" content=\"&Eacute;v&eacute;nements Berger-Levrault\" \/>\n<meta property=\"article:modified_time\" content=\"2020-06-03T04:00:18+00:00\" \/>\n<meta property=\"og:image\" content=\"https:\/\/www.evenementbl.com\/dev\/wp-content\/uploads\/2020\/05\/shutterstock_1165477783-scaled-e1620160944554.jpg\" \/>\n\t<meta property=\"og:image:width\" content=\"1600\" \/>\n\t<meta property=\"og:image:height\" content=\"1067\" \/>\n\t<meta property=\"og:image:type\" content=\"image\/jpeg\" \/>\n<meta name=\"twitter:card\" content=\"summary_large_image\" \/>\n<script type=\"application\/ld+json\" class=\"yoast-schema-graph\">{\"@context\":\"https:\/\/schema.org\",\"@graph\":[{\"@type\":\"WebPage\",\"@id\":\"https:\/\/www.evenementbl.com\/dev\/produit\/generateur-de-rapports\/\",\"url\":\"https:\/\/www.evenementbl.com\/dev\/produit\/generateur-de-rapports\/\",\"name\":\"G\u00e9n\u00e9rateur de rapports - &Eacute;v&eacute;nements Berger-Levrault\",\"isPartOf\":{\"@id\":\"https:\/\/www.evenementbl.com\/dev\/#website\"},\"datePublished\":\"2020-05-11T02:54:34+00:00\",\"dateModified\":\"2020-06-03T04:00:18+00:00\",\"breadcrumb\":{\"@id\":\"https:\/\/www.evenementbl.com\/dev\/produit\/generateur-de-rapports\/#breadcrumb\"},\"inLanguage\":\"fr-FR\",\"potentialAction\":[{\"@type\":\"ReadAction\",\"target\":[\"https:\/\/www.evenementbl.com\/dev\/produit\/generateur-de-rapports\/\"]}]},{\"@type\":\"BreadcrumbList\",\"@id\":\"https:\/\/www.evenementbl.com\/dev\/produit\/generateur-de-rapports\/#breadcrumb\",\"itemListElement\":[{\"@type\":\"ListItem\",\"position\":1,\"name\":\"Accueil\",\"item\":\"https:\/\/www.evenementbl.com\/dev\/\"},{\"@type\":\"ListItem\",\"position\":2,\"name\":\"Boutique\",\"item\":\"https:\/\/www.evenementbl.com\/dev\/en\/shop\/\"},{\"@type\":\"ListItem\",\"position\":3,\"name\":\"G\u00e9n\u00e9rateur de rapports\"}]},{\"@type\":\"WebSite\",\"@id\":\"https:\/\/www.evenementbl.com\/dev\/#website\",\"url\":\"https:\/\/www.evenementbl.com\/dev\/\",\"name\":\"&Eacute;v&eacute;nements Berger-Levrault\",\"description\":\"&Eacute;v&eacute;nements Berger-Levrault\",\"publisher\":{\"@id\":\"https:\/\/www.evenementbl.com\/dev\/#organization\"},\"potentialAction\":[{\"@type\":\"SearchAction\",\"target\":{\"@type\":\"EntryPoint\",\"urlTemplate\":\"https:\/\/www.evenementbl.com\/dev\/?s={search_term_string}\"},\"query-input\":\"required name=search_term_string\"}],\"inLanguage\":\"fr-FR\"},{\"@type\":\"Organization\",\"@id\":\"https:\/\/www.evenementbl.com\/dev\/#organization\",\"name\":\"&Eacute;v&eacute;nements Berger-Levrault\",\"url\":\"https:\/\/www.evenementbl.com\/dev\/\",\"logo\":{\"@type\":\"ImageObject\",\"inLanguage\":\"fr-FR\",\"@id\":\"https:\/\/www.evenementbl.com\/dev\/#\/schema\/logo\/image\/\",\"url\":\"https:\/\/www.evenementbl.com\/dev\/wp-content\/uploads\/2020\/01\/BL_logo.png\",\"contentUrl\":\"https:\/\/www.evenementbl.com\/dev\/wp-content\/uploads\/2020\/01\/BL_logo.png\",\"width\":152,\"height\":51,\"caption\":\"&Eacute;v&eacute;nements Berger-Levrault\"},\"image\":{\"@id\":\"https:\/\/www.evenementbl.com\/dev\/#\/schema\/logo\/image\/\"}}]}<\/script>\n<!-- \/ Yoast SEO plugin. -->","yoast_head_json":{"title":"G\u00e9n\u00e9rateur de rapports - &Eacute;v&eacute;nements Berger-Levrault","robots":{"index":"index","follow":"follow","max-snippet":"max-snippet:-1","max-image-preview":"max-image-preview:large","max-video-preview":"max-video-preview:-1"},"canonical":"https:\/\/www.evenementbl.com\/dev\/produit\/generateur-de-rapports\/","og_locale":"fr_FR","og_type":"article","og_title":"G\u00e9n\u00e9rateur de rapports - &Eacute;v&eacute;nements Berger-Levrault","og_description":"Une formation th\u00e9orique \u00e0 distance de 3 heures qui porte sur la conception de rapports dans le g\u00e9n\u00e9rateur de rapports des solutions COBA est maintenant disponible. Cette fonctionnalit\u00e9 int\u00e9gr\u00e9e et tr\u00e8s flexible permet de g\u00e9n\u00e9rer des rapports simples ou complexes, des lettres, des \u00e9tiquettes, des statistiques et des listes de donn\u00e9es.  Objectifs:    Apprendre comment utiliser les fonctionnalit\u00e9s du g\u00e9n\u00e9rateur de rapports  Optimiser la cr\u00e9ation de rapports simples ou complexes  Comprendre le potentiel et la flexibilit\u00e9 du g\u00e9n\u00e9rateur de rapports  &nbsp;  Durant cette formation interactive\u00a0(maximum de 6 participants par formation), anim\u00e9e par nos experts en logiciel, les participants pourront \u00e9galement \u00e9changer avec le formateur qui r\u00e9pondra avec plaisir \u00e0 l'ensemble des questions.","og_url":"https:\/\/www.evenementbl.com\/dev\/produit\/generateur-de-rapports\/","og_site_name":"&Eacute;v&eacute;nements Berger-Levrault","article_modified_time":"2020-06-03T04:00:18+00:00","og_image":[{"width":1600,"height":1067,"url":"https:\/\/www.evenementbl.com\/dev\/wp-content\/uploads\/2020\/05\/shutterstock_1165477783-scaled-e1620160944554.jpg","type":"image\/jpeg"}],"twitter_card":"summary_large_image","schema":{"@context":"https:\/\/schema.org","@graph":[{"@type":"WebPage","@id":"https:\/\/www.evenementbl.com\/dev\/produit\/generateur-de-rapports\/","url":"https:\/\/www.evenementbl.com\/dev\/produit\/generateur-de-rapports\/","name":"G\u00e9n\u00e9rateur de rapports - &Eacute;v&eacute;nements Berger-Levrault","isPartOf":{"@id":"https:\/\/www.evenementbl.com\/dev\/#website"},"datePublished":"2020-05-11T02:54:34+00:00","dateModified":"2020-06-03T04:00:18+00:00","breadcrumb":{"@id":"https:\/\/www.evenementbl.com\/dev\/produit\/generateur-de-rapports\/#breadcrumb"},"inLanguage":"fr-FR","potentialAction":[{"@type":"ReadAction","target":["https:\/\/www.evenementbl.com\/dev\/produit\/generateur-de-rapports\/"]}]},{"@type":"BreadcrumbList","@id":"https:\/\/www.evenementbl.com\/dev\/produit\/generateur-de-rapports\/#breadcrumb","itemListElement":[{"@type":"ListItem","position":1,"name":"Accueil","item":"https:\/\/www.evenementbl.com\/dev\/"},{"@type":"ListItem","position":2,"name":"Boutique","item":"https:\/\/www.evenementbl.com\/dev\/en\/shop\/"},{"@type":"ListItem","position":3,"name":"G\u00e9n\u00e9rateur de rapports"}]},{"@type":"WebSite","@id":"https:\/\/www.evenementbl.com\/dev\/#website","url":"https:\/\/www.evenementbl.com\/dev\/","name":"&Eacute;v&eacute;nements Berger-Levrault","description":"&Eacute;v&eacute;nements Berger-Levrault","publisher":{"@id":"https:\/\/www.evenementbl.com\/dev\/#organization"},"potentialAction":[{"@type":"SearchAction","target":{"@type":"EntryPoint","urlTemplate":"https:\/\/www.evenementbl.com\/dev\/?s={search_term_string}"},"query-input":"required name=search_term_string"}],"inLanguage":"fr-FR"},{"@type":"Organization","@id":"https:\/\/www.evenementbl.com\/dev\/#organization","name":"&Eacute;v&eacute;nements Berger-Levrault","url":"https:\/\/www.evenementbl.com\/dev\/","logo":{"@type":"ImageObject","inLanguage":"fr-FR","@id":"https:\/\/www.evenementbl.com\/dev\/#\/schema\/logo\/image\/","url":"https:\/\/www.evenementbl.com\/dev\/wp-content\/uploads\/2020\/01\/BL_logo.png","contentUrl":"https:\/\/www.evenementbl.com\/dev\/wp-content\/uploads\/2020\/01\/BL_logo.png","width":152,"height":51,"caption":"&Eacute;v&eacute;nements Berger-Levrault"},"image":{"@id":"https:\/\/www.evenementbl.com\/dev\/#\/schema\/logo\/image\/"}}]}},"_links":{"self":[{"href":"https:\/\/www.evenementbl.com\/dev\/wp-json\/wp\/v2\/product\/3391"}],"collection":[{"href":"https:\/\/www.evenementbl.com\/dev\/wp-json\/wp\/v2\/product"}],"about":[{"href":"https:\/\/www.evenementbl.com\/dev\/wp-json\/wp\/v2\/types\/product"}],"author":[{"embeddable":true,"href":"https:\/\/www.evenementbl.com\/dev\/wp-json\/wp\/v2\/users\/2"}],"replies":[{"embeddable":true,"href":"https:\/\/www.evenementbl.com\/dev\/wp-json\/wp\/v2\/comments?post=3391"}],"wp:featuredmedia":[{"embeddable":true,"href":"https:\/\/www.evenementbl.com\/dev\/wp-json\/wp\/v2\/media\/3338"}],"wp:attachment":[{"href":"https:\/\/www.evenementbl.com\/dev\/wp-json\/wp\/v2\/media?parent=3391"}],"curies":[{"name":"wp","href":"https:\/\/api.w.org\/{rel}","templated":true}]}}