{"id":8068,"date":"2024-03-22T11:07:05","date_gmt":"2024-03-22T15:07:05","guid":{"rendered":"https:\/\/www.evenementbl.com\/dev\/produit\/reservation-acces-regulier\/"},"modified":"2024-04-09T12:50:16","modified_gmt":"2024-04-09T16:50:16","slug":"reservation-acces-regulier","status":"publish","type":"product","link":"https:\/\/www.evenementbl.com\/dev\/produit\/reservation-acces-regulier\/","title":{"rendered":"Forfait conf\u00e9rence + formation (du 2 au 5 octobre)"},"content":{"rendered":"<p>    Combinez les sessions de formation, les opportunit\u00e9s de r\u00e9seautage et les s\u00e9minaires en assistant \u00e0 l&#8217;ensemble de l&#8217;\u00e9v\u00e9nement.<\/p>\n","protected":false},"excerpt":{"rendered":"<p>Combinez les sessions de formation, les opportunit&eacute;s de r&eacute;seautage et les s&eacute;minaires en assistant &agrave; l&rsquo;ensemble de l&rsquo;&eacute;v&eacute;nement.<\/p>\n","protected":false},"author":1,"featured_media":1064,"comment_status":"open","ping_status":"closed","template":"","meta":[],"yoast_head":"<!-- This site is optimized with the Yoast SEO plugin v20.6 - https:\/\/yoast.com\/wordpress\/plugins\/seo\/ -->\n<title>Forfait conf\u00e9rence + formation (du 2 au 5 octobre) - &Eacute;v&eacute;nements Berger-Levrault<\/title>\n<meta name=\"robots\" content=\"index, follow, max-snippet:-1, max-image-preview:large, max-video-preview:-1\" \/>\n<link rel=\"canonical\" href=\"https:\/\/www.evenementbl.com\/dev\/produit\/reservation-acces-regulier\/\" \/>\n<meta property=\"og:locale\" content=\"fr_FR\" \/>\n<meta property=\"og:type\" content=\"article\" \/>\n<meta property=\"og:title\" content=\"Forfait conf\u00e9rence + formation (du 2 au 5 octobre) - &Eacute;v&eacute;nements Berger-Levrault\" \/>\n<meta property=\"og:description\" content=\"Combinez les sessions de formation, les opportunit&eacute;s de r&eacute;seautage et les s&eacute;minaires en assistant &agrave; l&rsquo;ensemble de l&rsquo;&eacute;v&eacute;nement.\" \/>\n<meta property=\"og:url\" content=\"https:\/\/www.evenementbl.com\/dev\/produit\/reservation-acces-regulier\/\" \/>\n<meta property=\"og:site_name\" content=\"&Eacute;v&eacute;nements Berger-Levrault\" \/>\n<meta property=\"article:modified_time\" content=\"2024-04-09T16:50:16+00:00\" \/>\n<meta property=\"og:image\" content=\"https:\/\/www.evenementbl.com\/dev\/wp-content\/uploads\/2020\/01\/infosilem-2020-l-1.png\" \/>\n\t<meta property=\"og:image:width\" content=\"1822\" \/>\n\t<meta property=\"og:image:height\" content=\"626\" \/>\n\t<meta property=\"og:image:type\" content=\"image\/png\" \/>\n<meta name=\"twitter:card\" content=\"summary_large_image\" \/>\n<script type=\"application\/ld+json\" class=\"yoast-schema-graph\">{\"@context\":\"https:\/\/schema.org\",\"@graph\":[{\"@type\":\"WebPage\",\"@id\":\"https:\/\/www.evenementbl.com\/dev\/produit\/reservation-acces-regulier\/\",\"url\":\"https:\/\/www.evenementbl.com\/dev\/produit\/reservation-acces-regulier\/\",\"name\":\"Forfait conf\u00e9rence + formation (du 2 au 5 octobre) - &Eacute;v&eacute;nements Berger-Levrault\",\"isPartOf\":{\"@id\":\"https:\/\/www.evenementbl.com\/dev\/#website\"},\"datePublished\":\"2024-03-22T15:07:05+00:00\",\"dateModified\":\"2024-04-09T16:50:16+00:00\",\"breadcrumb\":{\"@id\":\"https:\/\/www.evenementbl.com\/dev\/produit\/reservation-acces-regulier\/#breadcrumb\"},\"inLanguage\":\"fr-FR\",\"potentialAction\":[{\"@type\":\"ReadAction\",\"target\":[\"https:\/\/www.evenementbl.com\/dev\/produit\/reservation-acces-regulier\/\"]}]},{\"@type\":\"BreadcrumbList\",\"@id\":\"https:\/\/www.evenementbl.com\/dev\/produit\/reservation-acces-regulier\/#breadcrumb\",\"itemListElement\":[{\"@type\":\"ListItem\",\"position\":1,\"name\":\"Accueil\",\"item\":\"https:\/\/www.evenementbl.com\/dev\/\"},{\"@type\":\"ListItem\",\"position\":2,\"name\":\"Boutique\",\"item\":\"https:\/\/www.evenementbl.com\/dev\/en\/shop\/\"},{\"@type\":\"ListItem\",\"position\":3,\"name\":\"Forfait conf\u00e9rence + formation (du 2 au 5 octobre)\"}]},{\"@type\":\"WebSite\",\"@id\":\"https:\/\/www.evenementbl.com\/dev\/#website\",\"url\":\"https:\/\/www.evenementbl.com\/dev\/\",\"name\":\"&Eacute;v&eacute;nements Berger-Levrault\",\"description\":\"&Eacute;v&eacute;nements Berger-Levrault\",\"publisher\":{\"@id\":\"https:\/\/www.evenementbl.com\/dev\/#organization\"},\"potentialAction\":[{\"@type\":\"SearchAction\",\"target\":{\"@type\":\"EntryPoint\",\"urlTemplate\":\"https:\/\/www.evenementbl.com\/dev\/?s={search_term_string}\"},\"query-input\":\"required name=search_term_string\"}],\"inLanguage\":\"fr-FR\"},{\"@type\":\"Organization\",\"@id\":\"https:\/\/www.evenementbl.com\/dev\/#organization\",\"name\":\"&Eacute;v&eacute;nements Berger-Levrault\",\"url\":\"https:\/\/www.evenementbl.com\/dev\/\",\"logo\":{\"@type\":\"ImageObject\",\"inLanguage\":\"fr-FR\",\"@id\":\"https:\/\/www.evenementbl.com\/dev\/#\/schema\/logo\/image\/\",\"url\":\"https:\/\/www.evenementbl.com\/dev\/wp-content\/uploads\/2020\/01\/BL_logo.png\",\"contentUrl\":\"https:\/\/www.evenementbl.com\/dev\/wp-content\/uploads\/2020\/01\/BL_logo.png\",\"width\":152,\"height\":51,\"caption\":\"&Eacute;v&eacute;nements Berger-Levrault\"},\"image\":{\"@id\":\"https:\/\/www.evenementbl.com\/dev\/#\/schema\/logo\/image\/\"}}]}<\/script>\n<!-- \/ Yoast SEO plugin. -->","yoast_head_json":{"title":"Forfait conf\u00e9rence + formation (du 2 au 5 octobre) - &Eacute;v&eacute;nements Berger-Levrault","robots":{"index":"index","follow":"follow","max-snippet":"max-snippet:-1","max-image-preview":"max-image-preview:large","max-video-preview":"max-video-preview:-1"},"canonical":"https:\/\/www.evenementbl.com\/dev\/produit\/reservation-acces-regulier\/","og_locale":"fr_FR","og_type":"article","og_title":"Forfait conf\u00e9rence + formation (du 2 au 5 octobre) - &Eacute;v&eacute;nements Berger-Levrault","og_description":"Combinez les sessions de formation, les opportunit&eacute;s de r&eacute;seautage et les s&eacute;minaires en assistant &agrave; l&rsquo;ensemble de l&rsquo;&eacute;v&eacute;nement.","og_url":"https:\/\/www.evenementbl.com\/dev\/produit\/reservation-acces-regulier\/","og_site_name":"&Eacute;v&eacute;nements Berger-Levrault","article_modified_time":"2024-04-09T16:50:16+00:00","og_image":[{"width":1822,"height":626,"url":"https:\/\/www.evenementbl.com\/dev\/wp-content\/uploads\/2020\/01\/infosilem-2020-l-1.png","type":"image\/png"}],"twitter_card":"summary_large_image","schema":{"@context":"https:\/\/schema.org","@graph":[{"@type":"WebPage","@id":"https:\/\/www.evenementbl.com\/dev\/produit\/reservation-acces-regulier\/","url":"https:\/\/www.evenementbl.com\/dev\/produit\/reservation-acces-regulier\/","name":"Forfait conf\u00e9rence + formation (du 2 au 5 octobre) - &Eacute;v&eacute;nements Berger-Levrault","isPartOf":{"@id":"https:\/\/www.evenementbl.com\/dev\/#website"},"datePublished":"2024-03-22T15:07:05+00:00","dateModified":"2024-04-09T16:50:16+00:00","breadcrumb":{"@id":"https:\/\/www.evenementbl.com\/dev\/produit\/reservation-acces-regulier\/#breadcrumb"},"inLanguage":"fr-FR","potentialAction":[{"@type":"ReadAction","target":["https:\/\/www.evenementbl.com\/dev\/produit\/reservation-acces-regulier\/"]}]},{"@type":"BreadcrumbList","@id":"https:\/\/www.evenementbl.com\/dev\/produit\/reservation-acces-regulier\/#breadcrumb","itemListElement":[{"@type":"ListItem","position":1,"name":"Accueil","item":"https:\/\/www.evenementbl.com\/dev\/"},{"@type":"ListItem","position":2,"name":"Boutique","item":"https:\/\/www.evenementbl.com\/dev\/en\/shop\/"},{"@type":"ListItem","position":3,"name":"Forfait conf\u00e9rence + formation (du 2 au 5 octobre)"}]},{"@type":"WebSite","@id":"https:\/\/www.evenementbl.com\/dev\/#website","url":"https:\/\/www.evenementbl.com\/dev\/","name":"&Eacute;v&eacute;nements Berger-Levrault","description":"&Eacute;v&eacute;nements Berger-Levrault","publisher":{"@id":"https:\/\/www.evenementbl.com\/dev\/#organization"},"potentialAction":[{"@type":"SearchAction","target":{"@type":"EntryPoint","urlTemplate":"https:\/\/www.evenementbl.com\/dev\/?s={search_term_string}"},"query-input":"required name=search_term_string"}],"inLanguage":"fr-FR"},{"@type":"Organization","@id":"https:\/\/www.evenementbl.com\/dev\/#organization","name":"&Eacute;v&eacute;nements Berger-Levrault","url":"https:\/\/www.evenementbl.com\/dev\/","logo":{"@type":"ImageObject","inLanguage":"fr-FR","@id":"https:\/\/www.evenementbl.com\/dev\/#\/schema\/logo\/image\/","url":"https:\/\/www.evenementbl.com\/dev\/wp-content\/uploads\/2020\/01\/BL_logo.png","contentUrl":"https:\/\/www.evenementbl.com\/dev\/wp-content\/uploads\/2020\/01\/BL_logo.png","width":152,"height":51,"caption":"&Eacute;v&eacute;nements Berger-Levrault"},"image":{"@id":"https:\/\/www.evenementbl.com\/dev\/#\/schema\/logo\/image\/"}}]}},"_links":{"self":[{"href":"https:\/\/www.evenementbl.com\/dev\/wp-json\/wp\/v2\/product\/8068"}],"collection":[{"href":"https:\/\/www.evenementbl.com\/dev\/wp-json\/wp\/v2\/product"}],"about":[{"href":"https:\/\/www.evenementbl.com\/dev\/wp-json\/wp\/v2\/types\/product"}],"author":[{"embeddable":true,"href":"https:\/\/www.evenementbl.com\/dev\/wp-json\/wp\/v2\/users\/1"}],"replies":[{"embeddable":true,"href":"https:\/\/www.evenementbl.com\/dev\/wp-json\/wp\/v2\/comments?post=8068"}],"wp:featuredmedia":[{"embeddable":true,"href":"https:\/\/www.evenementbl.com\/dev\/wp-json\/wp\/v2\/media\/1064"}],"wp:attachment":[{"href":"https:\/\/www.evenementbl.com\/dev\/wp-json\/wp\/v2\/media?parent=8068"}],"curies":[{"name":"wp","href":"https:\/\/api.w.org\/{rel}","templated":true}]}}